27
Let n(m) = m**2 + 13*m - 22. Determine n(-18).
68
Let j(x) = -x**2 - 6*x - 6. Give j(-4).
2
Let q(h) = -17*h + 36. What is q(3)?
-15
Let d(o) = -2*o**3 - 12*o**2 + 16*o - 17. What is d(-7)?
-31
Let z(i) = i**3 + 16*i**2 + 21*i - 14. What is z(-15)?
-104
Let a(x) = x**2 + 7*x + 12. Give a(-7).
12
Let o(k) = -k**2 - 14. What is o(0)?
-14
Let j(a) = 7*a - 2. Determine j(-1).
-9
Let b(f) = -19*f**2 - f + 1. Give b(1).
-19
Let m(t) = t + 4. Give m(15).
19
Let j(l) = l**2 - 24*l + 33. Determine j(23).
10
Let i(o) = 2*o**3 + 44*o**2 + 41*o - 27. Give i(-21).
-6
Let h(b) = -b**3 - 9*b**2 - 6*b - 7. What is h(-8)?
-23
Let b(w) = -w**2 + 6*w + 7. Give b(6).
7
Let r(n) = -3*n - 4. Determine r(-2).
2
Let q(h) = 4*h - 13. Calculate q(-4).
-29
Let c(m) = -m**2 + 8*m + 6. Determine c(9).
-3
Let t(x) = 9*x**2 - 51*x + 26. Calculate t(5).
-4
Let a(o) = 16*o - 1. Give a(-1).
-17
Let m(j) = j**2 + 14*j. Determine m(-6).
-48
Let z(w) = -3*w. What is z(10)?
-30
Let q(f) = 8*f**2 - 591*f - 75. Determine q(74).
-1
Let m(t) = t**3 - 6*t**2 + 8*t - 2. What is m(4)?
-2
Let w(q) = 7*q + 7. What is w(-2)?
-7
Let m(h) = -h**3 + 13*h**2 - 10*h - 6. Determine m(12).
18
Let b(z) = z**2 - 8*z - 66. What is b(13)?
-1
Let y(f) = -2*f**2 - 7*f + 3. What is y(-4)?
-1
Let h(g) = -6*g. Give h(2).
-12
Let x(u) = 72*u + 286. Give x(-4).
-2
Let a(u) = u**2 + 15*u + 8. What is a(-17)?
42
Let h(c) = c**3 + 6*c**2 + 9. Calculate h(-6).
9
Let k(f) = -4*f - 5. What is k(4)?
-21
Let m(b) = -b**3 + 6*b**2 - 2*b - 24. Calculate m(5).
-9
Let b(o) = -o**3 + 3*o**2 + 3*o - 4. Calculate b(3).
5
Let x(n) = 7*n - 2. Give x(2).
12
Let t(h) = -2*h**2 + 2*h - 6. Calculate t(0).
-6
Let u(j) = -5*j**2 + 94*j + 11. What is u(19)?
-8
Let s(o) = -7*o**3 - o**2 - o - 1. Give s(-1).
6
Let c(d) = -d**2 + 11*d + 32. Calculate c(13).
6
Let z(j) = j**2 + 7*j - 4. Give z(-8).
4
Let w(v) = -13*v + 184. Determine w(14).
2
Let p(n) = n**3 - 6*n**2 - n + 13. Give p(6).
7
Let s(a) = -4*a**2 - 6*a - 20. Give s(-7).
-174
Let k(b) = b**3 - b + 36. What is k(0)?
36
Let k(n) = 2*n**2 - 21*n + 1. Calculate k(11).
12
Let w(x) = -2*x**3 - 4*x**2 - 5*x - 5. Determine w(-2).
5
Let l(h) = -h**2 + 16*h + 40. Determine l(19).
-17
Let v(n) = -n**3 - 4*n**2 - 5*n - 56. Calculate v(-5).
-6
Let l(g) = -g**2 - 9*g - 34. Calculate l(-3).
-16
Let x(c) = -c**2 - 14*c - 56. Give x(-9).
-11
Let s(x) = 20*x + 259. Give s(-13).
-1
Let b(w) = -24*w + 9. Give b(5).
-111
Let i(m) = m**3 + 17*m**2 - 2*m - 40. Determine i(-17).
-6
Let o(s) = -5*s - 55. What is o(17)?
-140
Let p(k) = k**2 + 15*k + 20. Calculate p(-14).
6
Let i(r) = 4*r + 7. What is i(-6)?
-17
Let j(w) = w + 11. Give j(-4).
7
Let v(f) = 2*f**3 - 7*f - 4. What is v(3)?
29
Let a(z) = -z**3 - 16*z**2 + 28*z + 16. Give a(-18).
160
Let i(s) = -s**3 - 4*s**2 + 7*s - 3. What is i(-5)?
-13
Let m(c) = -c**3 + 18*c**2 + 17*c + 49. Calculate m(19).
11
Let k(f) = -f**3 + 23*f**2 - 20*f - 44. Give k(22).
0
Let k(y) = 4*y + 52. Calculate k(-12).
4
Let o(a) = a**3 - a - 3. Calculate o(-3).
-27
Let k(p) = -p**2 - p + 1. Determine k(-4).
-11
Let u(q) = -3*q**2 + 86*q - 42. Give u(28).
14
Let r(g) = g**3 + 8*g**2 + 3*g - 7. Determine r(-7).
21
Let n(k) = -k**2 - 26*k - 59. What is n(-23)?
10
Let x(d) = -2*d**3 + 6*d**2 + 5*d - 6. Calculate x(3).
9
Let o(p) = -p**3 + 4*p**2 + 4*p. What is o(4)?
16
Let u(q) = -q**2 + 5*q + 6. What is u(7)?
-8
Let n(a) = -2*a**3 - 9*a**2 + 6*a + 2. What is n(-5)?
-3
Let r(n) = n**2 - 13*n + 20. What is r(11)?
-2
Let t(y) = -y**3 + 5*y**2 - 5*y + 1. Calculate t(4).
-3
Let t(v) = -v**2 - 24*v - 142. Give t(-15).
-7
Let s(m) = 19*m**3 - 5*m**2 - 3*m + 2. Calculate s(-1).
-19
Let j(d) = -d**3 + 7*d**2 + 11*d - 14. Calculate j(8).
10
Let w(y) = -y**3 + 11*y**2 + 14*y - 14. Determine w(12).
10
Let g(k) = k**3 - 3*k**2 + 2*k - 9. Calculate g(2).
-9
Let n(a) = a**2 + 16*a + 1. What is n(-7)?
-62
Let s(w) = -8*w - 4. Determine s(-9).
68
Let n(a) = 2*a**2 + 2*a - 5. Give n(2).
7
Let b(r) = r - 11. Calculate b(12).
1
Let v(j) = -j**3 - 6*j**2 - 8*j + 6. What is v(-6)?
54
Let m(q) = -q**3 - 10*q**2 + 8*q + 7. Determine m(-11).
40
Let t(m) = 7*m. Determine t(-2).
-14
Let h(p) = -p**2 + 16*p + 18. Calculate h(14).
46
Let m(j) = -j + 17. Determine m(14).
3
Let f(w) = -2*w**3 + 19*w**2 - 5*w + 3. What is f(9)?
39
Let y(d) = -5*d - 253. What is y(-54)?
17
Let h(u) = -u**3 - 6*u**2 - 4*u. Determine h(-6).
24
Let y(p) = -p**2 - p + 1. Determine y(1).
-1
Let n(u) = -6*u**2 + 3*u - 1. Calculate n(1).
-4
Let q(o) = o**2 - 9*o - 35. Determine q(12).
1
Let c(b) = -b**3 + 5*b**2 - 11*b - 11. Determine c(4).
-39
Let u(l) = -l**2 + 52*l - 91. Determine u(50).
9
Let s(p) = 40*p + 667. Calculate s(-17).
-13
Let x(q) = q**3 - 16*q**2 + 9*q - 12. What is x(15)?
-102
Let a(c) = 12*c - 124. Determine a(11).
8
Let t(j) = -2*j**2 - 2. Determine t(3).
-20
Let a(h) = h**3 + 11*h**2 - 2*h + 7. Determine a(-11).
29
Let n(w) = -9*w + 66. What is n(7)?
3
Let x(t) = -t**3 - 10*t**2 + 16*t + 16. What is x(-11)?
-39
Let y(t) = 6*t**2 + 9*t - 9. Give y(1).
6
Let h(t) = -8*t + 2. Determine h(-1).
10
Let u(w) = -7*w**2 + 14*w - 6. Calculate u(2).
-6
Let t(l) = -l**2 - 5*l + 1. What is t(-8)?
-23
Let r(i) = -i**3 - 27*i**2 + 55*i - 76. Calculate r(-29).
11
Let y(b) = -4*b + 60. Calculate y(15).
0
Let o(n) = n**2 + 3*n + 5. What is o(-2)?
3
Let j(r) = -98*r - 1376. Give j(-14).
-4
Let k(y) = y - 3. Determine k(0).
-3
Let q(p) = 23*p**2 - p - 1. Give q(1).
21
Let c(q) = q**3 + q**2. Give c(-1).
0
Let n(v) = -v**3 - 4*v**2 - v - 5. Give n(-4).
-1
Let x(t) = -t**2 + 7. What is x(-3)?
-2
Let w(v) = -2*v**2 + 11*v + 5. What is w(6)?
-1
Let v(d) = -8*d**2 - 2*d - 1. What is v(-1)?
-7
Let l(s) = -s**3 - 16*s**2 - s - 30. Give l(-16).
-14
Let d(j) = -2*j**2 - j + 1. Calculate d(-2).
-5
Let m(t) = -t**3 - 7*t**2 - 2*t + 1. What is m(-7)?
15
Let s(q) = 11*q + 25. Calculate s(-6).
-41
Let l(j) = j. Give l(-6).
-6
Let a(q) = -q**3 - 2*q**2 + 1. What is a(-2)?
1
Let g(q) = q**2 - 10*q - 21. What is g(11)?
-10
Let p(y) = y**3 + y**2 - y - 1. What is p(0)?
-1
Let g(j) = -29*j - 16. Give g(5).
-161
Let w(j) = -24*j - 5. Calculate w(1).
-29
Let w(i) = i**3 + 12*i**2 + 11*i + 2. What is w(-11)?
2
Let k(n) = 6*n. What is k(-17)?
-102
Let m(x) = x**3 + 8*x**2 + 11. Determine m(-8).
11
Let c(h) = -h**3 + 8*h**2 + 6*h + 17. Determine c(9).
-10
Let t(p) = p**2 + 2*p - 9. Give t(12).
159
Let l(o) = -29*o - 140. Calculate l(-6).
34
Let y(k) = -3*k - 2. What is y(-12)?
34
Let o(i) = -i**2 + 31*i + 102. Calculate o(34).
0
Let f(d) = 2*d**2 - 8*d - 1. Calculate f(6).
23
Let n(b) = b**3 - 3*b**2 - 5*b + 4. Calculate n(1).
-3
Let f(v) = v**2 - 11*v + 16. Calculate f(7).
-12
Let v(m) = -4*m - 38. Calculate v(-11).
6
Let p(b) = b**3 - 5*b**2 + 3*b - 2. Determine p(5).
13
Let h(m) = -m**3 - 7*m**2 - m + 12. Determine h(-7).
19
Let k(w) = 40*w - 566. Give k(15).
34
Let o(l) = 2*l**2 + 4*l - 5. Determine o(-6).
43
Let j(r) = 12*r + 181. Give j(-14).
13
Let u(x) = -2*x + 6. Determine u(-6).
18
Let l(f) = 3*f**2 + f - 5. What is l(-4)?
39
Let w(o) = -o**3 - 4*o**2 + 4*o + 11. Give w(-5).
16
Let y(d) = -d - 7. Calculate y(-12).
5
Let l(g) = -6*g - 4. What is l(2)?
-16
Let v(i) = i**3 + 23*i**2 + 21*i - 28. Calculate v(-22).
-6
Let z(n) = 4*n**2 + 7*n + 9. Calculate z(-3).
24
Let k(f) = 3*f**2 - 2*f. Give k(0).
0
Let o(v) = v**2 - 9*v - 14. Calculate o(10).
-4
Let u(v) = v**2 - 24*v - 813. Calculate u(43).
4
Let d(n) = 7*n - 11. What is d(-7)?
-60
Let i(c) = -c - 9. Determine i(-15).
6
Let t(w) = 3*w**2 - 30*w + 5. Give t(12).
77
Let s(j) = 2*j - 67. What is s(0)?
-67
Let u(f) = -f**3 - 8*f**2 - 12*f + 14. Calculate u(-6).
14
Let a(q) = -q**2 - 4*q - 6. Calculate a(-3).
-3
Let q(c) = c + 33. Calculate q(0).
33
Let v(z) = -39*z**3 - z**2 + 2*z + 2. Give v(-1).
38
Let n(x) = 2*x - 5. Give n(6).
7
Let z(p) = -p**2 - 12*p + 16. What is z(-11)?
27
Let w(n) = -n**2 + 5*n + 8. What is w(0)?
8
Let a(o) = -o**2 - 15*o + 11. Give a(-16).
-5
Let d(q) = -3*q. Calculate d(-7).
21
Let l(p) = p**3 + 6*p**2 + p + 13. Give l(-6).
7
Let h(k) = -6*k**3 - 40*k**2 + 11*k - 16. Give h(-7).
5
Let o(t) = -t**3 + 9*t**2 - 9*t + 3. Determine o(6).
57
Let h(u) = u**2 + 14*u + 3. Determine h(-11).
-30
Let l(v) = -2*v + 9. What is l(4)?
1
Let b(v) = v**3 - 3*v**2 + 2*v. Determ